{"id":26,"date":"2016-09-19T09:40:54","date_gmt":"2016-09-19T08:40:54","guid":{"rendered":"http:\/\/locations-les-saisies.com\/MB304C\/?page_id=26"},"modified":"2016-10-04T13:53:28","modified_gmt":"2016-10-04T12:53:28","slug":"localisation","status":"publish","type":"page","link":"http:\/\/locations-les-saisies.com\/MB304C\/localisation\/","title":{"rendered":"Localisation"},"content":{"rendered":"<p style=\"text-align: center;\"><\/p>\n<p>Une carte pour mieux situer le logement dans la station, parmi les commerces, l&#8217;office de tourisme, les pistes&#8230;<\/p>\n<p><a href=\"http:\/\/locations-les-saisies.com\/MB304C\/wp-content\/uploads\/2016\/10\/Les-Saisies-ici.jpg\"><img decoding=\"async\" loading=\"lazy\" class=\"wp-image-175 aligncenter\" src=\"http:\/\/locations-les-saisies.com\/MB304C\/wp-content\/uploads\/2016\/10\/Les-Saisies-ici-300x165.jpg\" alt=\"les-saisies-ici\" width=\"471\" height=\"259\" srcset=\"http:\/\/locations-les-saisies.com\/MB304C\/wp-content\/uploads\/2016\/10\/Les-Saisies-ici-300x165.jpg 300w, http:\/\/locations-les-saisies.com\/MB304C\/wp-content\/uploads\/2016\/10\/Les-Saisies-ici-768x422.jpg 768w, http:\/\/locations-les-saisies.com\/MB304C\/wp-content\/uploads\/2016\/10\/Les-Saisies-ici-1024x563.jpg 1024w, http:\/\/locations-les-saisies.com\/MB304C\/wp-content\/uploads\/2016\/10\/Les-Saisies-ici.jpg 1236w\" sizes=\"(max-width: 471px) 100vw, 471px\" \/><\/a><\/p>\n<p>&nbsp;<\/p>\n<p><strong>A\u00e9roport \u00e0 proximit\u00e9 <\/strong><\/p>\n<p style=\"padding-left: 30px;\">70 kilom\u00e8tres: Annecy\/Haute-Savoie\/Mont-Blanc<\/p>\n<p><strong>Gare \u00e0 proximit\u00e9 <\/strong><\/p>\n<p style=\"padding-left: 30px;\">30 kilom\u00e8tres :Albertville<\/p>\n<p><strong>Autoroute \u00e0 proximit\u00e9 <\/strong><\/p>\n<p style=\"padding-left: 30px;\">35 kilom\u00e8tres: Sallanches<\/p>\n<p><strong>Station de Ski \u00e0 proximit\u00e9 <\/strong><\/p>\n<p style=\"padding-left: 30px;\">0.01 kilom\u00e8tres<\/p>\n<p>A PROXIMITE DE<\/p>\n<ul>\n<li>Albertville : 30 Km<\/li>\n<li>Meg\u00e8ve : 18 Km<\/li>\n<li>Commerces : 0 Km<\/li>\n<\/ul>\n","protected":false},"excerpt":{"rendered":"<p>Une carte pour mieux situer le logement dans la station, parmi les commerces, l&#8217;office de tourisme, les pistes&#8230; &nbsp; A\u00e9roport \u00e0 proximit\u00e9 70 kilom\u00e8tres: Annecy\/Haute-Savoie\/Mont-Blanc Gare \u00e0 proximit\u00e9 30 kilom\u00e8tres :Albertville Autoroute \u00e0 proximit\u00e9 35 kilom\u00e8tres: Sallanches Station de Ski \u00e0 proximit\u00e9 0.01 kilom\u00e8tres A PROXIMITE DE Albertville : 30 Km Meg\u00e8ve : 18 Km [&hellip;]<\/p>\n","protected":false},"author":1,"featured_media":0,"parent":0,"menu_order":0,"comment_status":"closed","ping_status":"closed","template":"","meta":[],"_links":{"self":[{"href":"http:\/\/locations-les-saisies.com\/MB304C\/wp-json\/wp\/v2\/pages\/26"}],"collection":[{"href":"http:\/\/locations-les-saisies.com\/MB304C\/wp-json\/wp\/v2\/pages"}],"about":[{"href":"http:\/\/locations-les-saisies.com\/MB304C\/wp-json\/wp\/v2\/types\/page"}],"author":[{"embeddable":true,"href":"http:\/\/locations-les-saisies.com\/MB304C\/wp-json\/wp\/v2\/users\/1"}],"replies":[{"embeddable":true,"href":"http:\/\/locations-les-saisies.com\/MB304C\/wp-json\/wp\/v2\/comments?post=26"}],"version-history":[{"count":8,"href":"http:\/\/locations-les-saisies.com\/MB304C\/wp-json\/wp\/v2\/pages\/26\/revisions"}],"predecessor-version":[{"id":206,"href":"http:\/\/locations-les-saisies.com\/MB304C\/wp-json\/wp\/v2\/pages\/26\/revisions\/206"}],"wp:attachment":[{"href":"http:\/\/locations-les-saisies.com\/MB304C\/wp-json\/wp\/v2\/media?parent=26"}],"curies":[{"name":"wp","href":"https:\/\/api.w.org\/{rel}","templated":true}]}}